{"id":76,"date":"2018-02-19T21:01:54","date_gmt":"2018-02-19T21:01:54","guid":{"rendered":"http:\/\/2018.doktagung.de\/?page_id=76"},"modified":"2018-02-19T22:52:34","modified_gmt":"2018-02-19T22:52:34","slug":"kontakt-team","status":"publish","type":"page","link":"https:\/\/2018.doktagung.de\/index.php\/kontakt-team\/","title":{"rendered":"Team"},"content":{"rendered":"<p>Keine Instagram-Sternchen, sondern drei Promovierende aus der Maximilianstra\u00dfe<br \/>\nbegr\u00fc\u00dfen euch zur 13. dgv-Doktorand*innen-Tagung 2018:<\/p>\n<p>Inga Wilke<br \/>\nIna Kuhn &amp;<br \/>\nNikola N\u00f6lle<\/p>\n<p>freuen sich auf euch!<\/p>\n<div style=\"width: 480px;\" class=\"wp-video\"><!--[if lt IE 9]><script>document.createElement('video');<\/script><![endif]-->\n<video class=\"wp-video-shortcode\" id=\"video-76-1\" width=\"480\" height=\"270\" loop=\"1\" autoplay=\"1\" preload=\"auto\" controls=\"controls\"><source type=\"video\/mp4\" src=\"http:\/\/2018.doktagung.de\/wp-content\/uploads\/2018\/02\/clueless.mp4?_=1\" \/><a href=\"http:\/\/2018.doktagung.de\/wp-content\/uploads\/2018\/02\/clueless.mp4\">http:\/\/2018.doktagung.de\/wp-content\/uploads\/2018\/02\/clueless.mp4<\/a><\/video><\/div>\n","protected":false},"excerpt":{"rendered":"<p>Keine Instagram-Sternchen, sondern drei Promovierende aus der Maximilianstra\u00dfe begr\u00fc\u00dfen euch zur 13. dgv-Doktorand*innen-Tagung 2018: Inga Wilke Ina Kuhn &amp; Nikola N\u00f6lle freuen sich auf euch!<\/p>\n","protected":false},"author":2,"featured_media":0,"parent":0,"menu_order":0,"comment_status":"closed","ping_status":"closed","template":"","meta":{"footnotes":""},"_links":{"self":[{"href":"https:\/\/2018.doktagung.de\/index.php\/wp-json\/wp\/v2\/pages\/76"}],"collection":[{"href":"https:\/\/2018.doktagung.de\/index.php\/wp-json\/wp\/v2\/pages"}],"about":[{"href":"https:\/\/2018.doktagung.de\/index.php\/wp-json\/wp\/v2\/types\/page"}],"author":[{"embeddable":true,"href":"https:\/\/2018.doktagung.de\/index.php\/wp-json\/wp\/v2\/users\/2"}],"replies":[{"embeddable":true,"href":"https:\/\/2018.doktagung.de\/index.php\/wp-json\/wp\/v2\/comments?post=76"}],"version-history":[{"count":9,"href":"https:\/\/2018.doktagung.de\/index.php\/wp-json\/wp\/v2\/pages\/76\/revisions"}],"predecessor-version":[{"id":114,"href":"https:\/\/2018.doktagung.de\/index.php\/wp-json\/wp\/v2\/pages\/76\/revisions\/114"}],"wp:attachment":[{"href":"https:\/\/2018.doktagung.de\/index.php\/wp-json\/wp\/v2\/media?parent=76"}],"curies":[{"name":"wp","href":"https:\/\/api.w.org\/{rel}","templated":true}]}}